he remainder when 63 is divided by c.
15
Let i(a) = 405*a + 4696. Calculate the remainder when i(22) is divided by 27.
25
Let q(a) = -2*a**3 - 4*a**2 + a. Let o = -198 - -202. Suppose o*b - 5*p - 40 = 0, 5*b - 6*p + 4*p = 33. Calculate the remainder when q(-3) is divided by b.
0
Let d = 31 + -17. Let q = 46 - 42. Calculate the remainder when 4 + 5332/44 + q/(-22) is divided by d.
13
Let j(c) = -10*c**3 + 19*c**2 + 17*c - 37. What is the remainder when j(-6) is divided by 41?
40
Suppose 2*h + 4*w = 34, h - 5*w + 2 = 12. Let n be (-1)/(4/16*-4). Calculate the remainder when h is divided by n - (1 + -3) - -1.
3
Let w be 5/15*-12*3/(-6). Suppose -w*k - 7*k + 36 = 0. Suppose -k*c = 4*p - 296, 3*c - 7*c - 5*p + 301 = 0. Calculate the remainder when c is divided by 36.
33
Suppose j = 11 + 5. Let x be (16 - (12 + 1)) + 24/(2 - 1). Let r = x - j. Calculate the remainder when 20 is divided by r.
9
Calculate the remainder when 354 is divided by 1*(1/2 - (5 - 397/2)).
160
Calculate the remainder when 1201 is divided by ((-172)/7)/((-80)/(-14) + -6).
83
Let n = 1211 - 1210. Let j be ((-10)/35)/((-1)/14). Suppose -u + j*u = 54. Calculate the remainder when u is divided by n.
0
Let x(t) = -5*t - 5. Let o be x(-3). Let l be 1/6*3*o. Suppose 5*v - 148 = -4*p, 3*p + 0*p - 116 = -l*v. Calculate the remainder when 126 is divided by p.
30
Suppose -3*o - 261*x + 539 = -263*x, -329 = -2*o - 3*x. Calculate the remainder when 203 is divided by o.
28
Let t(g) = g**2 - 11*g + 22. Let z be t(16). Suppose -o = -4*o + z. What is the remainder when o is divided by 21?
13
Suppose -575*l + 1476 = 560*l - 1094*l. Let a(s) = 32*s**2 - s. Let y be a(1). Let g = 72 + y. What is the remainder when g is divided by l?
31
Suppose 2*j + 114 = 134. Suppose -15 = -5*k + j, -k + 79 = 2*l. Calculate the remainder when 183 is divided by l.
35
Let g(s) = -13*s + 33. Let h be g(-2). Let i = 3 + h. Calculate the remainder when 308 is divided by i.
60
Suppose -217*o + 222*o + 1285 = 0. Let z = 305 + o. What is the remainder when z is divided by 34?
14
Let t(j) = j**2 - 4*j - 15. Let d be t(-3). Let o be 99/1 - (-5)/((-10)/d). Let p = o + -1. Calculate the remainder when p is divided by 14.
11
Suppose 20*s - 14*t - 7946 = 18*s, -t = -2*s + 7972. Calculate the remainder when s is divided by 70.
67
Let p = -2383 + 2764. Calculate the remainder when p is divided by 43.
37
Suppose f - k + 4 = 0, 3*f - 5*k = -12 - 6. Let m(v) = -10*v - 5. Let q be m(f). Let p(x) = -2*x**2 + 17*x + 2. What is the remainder when p(q) is divided by 8?
5
Calculate the remainder when 5 + -21 + 5 - -230 is divided by 25.
19
Let j(b) = -21*b**3 - 21*b**2 - 158*b + 82. What is the remainder when j(-12) is divided by 22?
20
Suppose 3*j + t = 4*j - 235, 470 = 2*j - t. What is the remainder when j is divided by 92?
51
Suppose -x + 498 - 72 = -0*x. What is the remainder when x is divided by 110?
96
Suppose 5*n = 6*t - 2522, -1682 = -3*t - t + 3*n. What is the remainder when t is divided by 402?
20
Suppose c - 2 = 2*c, 3*c - 4 = -2*s. Suppose 16 = w - u, 84 = 5*w + 4*u - s*u. Let r = 1244 - 1178. What is the remainder when r is divided by w?
15
Suppose -4*t + 176 = 4*u, 19*t + 13*u = 23*t - 312. What is the remainder when 12114 is divided by t?
50
Let d(k) = -9*k + 0*k**2 + k**2 + 8 + 0. Let v be (-4)/(-14) + (-19 - 4218/(-133)). What is the remainder when d(v) is divided by 21?
18
Suppose 3*j + 88 = j - 2*l, -2*j = 5*l + 76. Let t = -126 - -147. Let x = t - j. Calculate the remainder when x is divided by 18.
15
Suppose -4*h + 104 = -15*b + 16*b, -329 = -3*b + 5*h. What is the remainder when 213 is divided by b?
105
Suppose 0 = -3*y + 5*w + 83 - 71, 5*w = 4*y - 11. Let d = -39 - -116. What is the remainder when d is divided by (-648)/(-24) + (-7 - y)?
14
Suppose -d - 5*u = 4 + 7, -4*u = d + 9. Let f be (d*1)/(16/(-112)). Suppose 6*q + 20 = f*q. Calculate the remainder when 37 is divided by q.
17
Let t be (1 - 4/6)/((-7)/(-231)). Suppose -9*n + t*n - 50 = 0. Calculate the remainder when (-10)/n*(-1 + -344) is divided by 35.
33
Suppose 5*v + 293 - 74 = 3*l, 0 = v + l + 39. Suppose -i + 25 + 45 = 0. Let o = i + v. Calculate the remainder when o is divided by 6.
4
Suppose 23*f - 241 = -34. What is the remainder when f + -5 + 4/8*290 is divided by 19?
16
Suppose -17*l + 18629 - 3204 = 8*l. What is the remainder when l is divided by 23?
19
Suppose 3*m = -4*i + 685 - 8, m = -4*i + 239. Suppose m + 45 = 4*b - 4*a, 4*a = 3*b - 197. Calculate the remainder when 85 is divided by b.
18
Let y(f) = -6*f - 6*f**2 + 3*f**2 + 0 - 9 + 5*f**2. Let i be 1/((-3)/21) + 4. What is the remainder when y(i) is divided by 14?
13
Let q(i) = i**3 - 53*i**2 + 713*i + 51. What is the remainder when q(26) is divided by 68?
65
Suppose -96 = 3*h + 5*u, 2*u = 4 + 2. Let i = -34 - h. Suppose -184 = f - i*f. What is the remainder when f is divided by 16?
12
Suppose 9*b + 11*b - 1060 = 0. Let c be ((-4)/8)/((-6)/(-12)). Let m(o) = -26*o + 2. Calculate the remainder when b is divided by m(c).
25
Suppose 3*z - 4 = 3*b - 82, z = -b - 26. Let x = 89 + z. What is the remainder when x is divided by 19?
6
Let s = 118 - 74. Let v(y) = -69*y - 7 + 25*y + 24*y. What is the remainder when v(-9) is divided by s?
41
Let p be ((-42)/28)/(3/(-176)). Let b = 138 - p. Calculate the remainder when b is divided by 13.
11
Let u be 7104/272 + (-4)/34. Suppose 3*i - 35 - 13 = -3*v, 0 = -2*i - 5*v + u. Let q = 797 + -726. Calculate the remainder when q is divided by i.
17
Let o(d) = 7*d**3 - 10*d**2 + 84*d - 221. Calculate the remainder when 2968 is divided by o(3).
108
Suppose 30*x - 145 = 3*x + 287. Calculate the remainder when x is divided by 9.
7
Suppose -q = -2*s - 123, -25*q = -21*q + 3*s - 514. Calculate the remainder when 393 is divided by q.
12
Suppose -s = -7*y + 6*y - 33, -2*y - 165 = -5*s. Calculate the remainder when s is divided by 17.
16
Suppose -57 = -a + 2*z, a - 14*z - 57 = -10*z. What is the remainder when 194 is divided by a?
23
Suppose 8*b - 37*b = -2059. Calculate the remainder when 994 is divided by b.
0
Let l = 584 - 1354. Let j = 804 + l. What is the remainder when 34 is divided by j?
0
Let p = -3566 - -3643. Calculate the remainder when p is divided by 11.
0
Let n = 20381 - 20199. Calculate the remainder when n is divided by 98.
84
What is the remainder when 130 is divided by (-103 + 110)/(-2 - 27/(-13))?
39
Let c be (4/(1/1))/((-2)/(-4)). Let j(p) = p**2 - 4*p + 26. Suppose -5*x + 75 = 5*y, 2*x - y = 11 + 19. Calculate the remainder when j(c) is divided by x.
13
Suppose -633*i = -603*i - 2850. What is the remainder when 4748 is divided by i?
93
Let f(z) = z**2 - 45*z + 91. Suppose 2*h = -3*v + 153 + 12, -5*v = -2*h + 141. What is the remainder when h is divided by f(2)?
3
Let b be -1*(-2 - -11)/(-1). Suppose -b*h = -5*h - 8. Suppose 3*y - 2*y - 3*u = 17, 3*y - 37 = h*u. What is the remainder when 20 is divided by y?
9
Let s = 5769 - 5442. What is the remainder when s is divided by 56?
47
Let u = -101 - -106. What is the remainder when 263 is divided by u?
3
Let t = -17849 - -18184. What is the remainder when t is divided by 36?
11
Suppose 248*q = -159*q + 345*q + 18104. What is the remainder when 1466 is divided by q?
6
Suppose -15 - 96 = -3*s. Let u(c) = 25*c - 123. Let g be u(5). Suppose y - 2*y - 1 = 0, 4*i - g*y - 54 = 0. Calculate the remainder when s is divided by i.
11
Suppose 0 = 66*c - 71*c + 3*s + 94, 4*s = -3*c + 39. What is the remainder when 437 is divided by c?
12
Let i be 2/(-5) - 33/55 - -13. Suppose 12*r + i = 15*r. Suppose -2*a + 89 = 3*t, r*a + 0*t + 2*t - 182 = 0. Calculate the remainder when 182 is divided by a.
44
Suppose 3*r - 5*j = 1621, 0 = -4*r + 3*j + 629 + 1514. Let m = r + -370. Calculate the remainder when m is divided by 15.
12
Let t(u) = -u**3 + u**2 - 4*u + 4. Let h be t(3). Let f be h/8 - (-9)/36. What is the remainder when 36 + (12*-1)/f is divided by 7?
5
Suppose 5*x - 8*x + 36 = 0. Let o be x + 2/((-8)/12). What is the remainder when 27 is divided by 10/(((-12)/o)/(-2))?
12
Let b be (27/6)/(3/(-4)). Suppose 8*k + 4017 = 47*k. What is the remainder when k is divided by 127/5 + b/(-10)?
25
Suppose 3*p = 3*t - 1179, 19*p - 18*p + 1173 = 3*t. Calculate the remainder when t is divided by 14.
12
Calculate the remainder when (-